ite number?
True
Is 13119797 a prime number?
True
Is 768841 a composite number?
False
Is 11943493 a composite number?
False
Is 8507977 a prime number?
False
Is 149563373 a composite number?
False
Is 94124287 a prime number?
True
Is 195982849 composite?
True
Is 109753051 prime?
False
Is 85839379 prime?
True
Is 10237083 a prime number?
False
Is 10322819 a composite number?
True
Is 8679607 prime?
True
Is 46346927 a composite number?
True
Is 1291282 a prime number?
False
Is 926011 prime?
False
Is 2049097 composite?
True
Is 24946711 a composite number?
True
Is 33100251 composite?
True
Is 18648353 a composite number?
False
Is 7584359 a composite number?
False
Is 126392311 prime?
True
Is 8370203 composite?
True
Is 1562789 prime?
False
Is 101316487 a composite number?
False
Is 114159407 prime?
True
Is 40961 a composite number?
False
Is 6047071 prime?
True
Is 58416329 composite?
True
Is 94562669 composite?
False
Is 1375989 a prime number?
False
Is 36502309 prime?
False
Is 55153759 a prime number?
True
Is 6701533 a prime number?
False
Is 1730993 a composite number?
True
Is 9074309 prime?
True
Is 520673 a prime number?
False
Is 37722131 a prime number?
False
Is 1062580873 a prime number?
True
Is 773519 a composite number?
True
Is 912727 composite?
False
Is 9428809 composite?
True
Is 4426481 a composite number?
False
Is 5880617 a prime number?
False
Is 23770973 prime?
True
Is 45057351 a composite number?
True
Is 180493507 prime?
True
Is 5285609 composite?
True
Is 6099521 composite?
False
Is 22012953 prime?
False
Is 1049773 composite?
False
Is 966547 composite?
False
Is 1184881 composite?
False
Is 50775227 prime?
False
Is 15180773 a composite number?
False
Is 2787767 prime?
True
Is 295706 composite?
True
Is 72439693 a composite number?
False
Is 11283827 a composite number?
False
Is 618287 prime?
True
Is 264544249 a composite number?
False
Is 555557201 prime?
True
Is 84648853 a prime number?
False
Is 13612229 prime?
True
Is 166393 composite?
False
Is 240965 composite?
True
Is 21123199 a composite number?
True
Is 143275013 a prime number?
False
Is 1284511 prime?
True
Is 9149758 a composite number?
True
Is 1405087 prime?
True
Is 238847363 composite?
False
Is 24695365 a composite number?
True
Is 4804567 a composite number?
False
Is 22416457 composite?
True
Is 23386655 a composite number?
True
Is 8894395 a prime number?
False
Is 16148467 prime?
True
Is 80268971 composite?
False
Is 36748581 a prime number?
False
Is 2928953 composite?
False
Is 15491027 prime?
True
Is 49211 prime?
True
Is 187697063 composite?
False
Is 59117507 composite?
True
Is 143042827 composite?
True
Is 37606727 prime?
True
Is 126803569 prime?
True
Is 125055599 prime?
True
Is 779579 prime?
True
Is 6112201 composite?
True
Is 99609773 a composite number?
True
Is 51533659 a prime number?
True
Is 1804433 a composite number?
False
Is 721642589 prime?
True
Is 16045583 composite?
False
Is 124768139 composite?
False
Is 7329935 a composite number?
True
Is 4827979 a composite number?
True
Is 138251213 a composite number?
False
Is 159869153 a prime number?
True
Is 2063323 a composite number?
False
Is 24223 a composite number?
False
Is 73515334 composite?
True
Is 13796697 a prime number?
False
Is 170974351 a composite number?
True
Is 19486345 a composite number?
True
Is 328822055 composite?
True
Is 1549817 a prime number?
True
Is 35409877 a composite number?
False
Is 154426147 prime?
False
Is 6280829 a composite number?
True
Is 348215041 prime?
True
Is 2857493 a composite number?
False
Is 1680121 prime?
True
Is 12094699 a composite number?
False
Is 385855807 a prime number?
False
Is 338856047 composite?
True
Is 113173223 prime?
True
Is 5309861 prime?
True
Is 610341335 a prime number?
False
Is 3112739 a prime number?
False
Is 168183809 composite?
False
Is 45660289 composite?
False
Is 2371053 composite?
True
Is 55438721 a prime number?
False
Is 83569933 a prime number?
True
Is 46225151 composite?
True
Is 2286373 prime?
True
Is 36439001 composite?
False
Is 120819619 prime?
True
Is 671282519 a prime number?
False
Is 15468313 a prime number?
False
Is 2998291 prime?
True
Is 170921649 a composite number?
True
Is 2985283 a prime number?
False
Is 7852399 composite?
True
Is 40036111 composite?
True
Is 256069981 prime?
True
Is 100828297 a prime number?
False
Is 57048839 a composite number?
False
Is 52313711 composite?
False
Is 10381261 composite?
True
Is 528163 prime?
True
Is 68133337 composite?
True
Is 3232981 a prime number?
True
Is 3016867 a prime number?
False
Is 802103 prime?
True
Is 91207709 a prime number?
True
Is 85515061 prime?
True
Is 67427771 prime?
False
Is 3869423 a prime number?
False
Is 73640053 a composite number?
False
Is 21985391 composite?
True
Is 11111657 prime?
False
Is 716719 a prime number?
False
Is 57313771 a prime number?
False
Is 3545831 a composite number?
False
Is 22251599 a prime number?
True
Is 48687109 a prime number?
True
Is 4547531 composite?
False
Is 15237269 composite?
True
Is 1701101 composite?
False
Is 46169693 prime?
False
Is 16587353 a prime number?
False
Is 1744543 a composite number?
False
Is 1337153 a prime number?
True
Is 317399 a prime number?
True
Is 78117133 a prime number?
True
Is 3143131 prime?
True
Is 1191251 a composite number?
True
Is 15878077 a composite number?
False
Is 88744751 prime?
True
Is 142384267 a composite number?
True
Is 1013321 prime?
True
Is 12891883 composite?
True
Is 1811219 prime?
True
Is 19329397 a prime number?
True
Is 14576329 a prime number?
True
Is 32941141 composite?
False
Is 1476991 prime?
False
Is 6552367 composite?
True
Is 667586233 a composite number?
True
Is 2714903 prime?
True
Is 1090247 a prime number?
False
Is 333256297 a composite number?
True
Is 76117997 composite?
True
Is 30884753 a prime number?
True
Is 618421337 a prime number?
True
Is 101426271 a composite number?
True
Is 2030879 a prime number?
True
Is 2603567 prime?
False
Is 25380703 composite?
False
Is 39278593 prime?
True
Is 128267585 prime?
False
Is 1865912813 composite?
True
Is 86077501 a composite number?
True
Is 36338147 a prime number?
False
Is 127490543 a prime number?
False
Is 47439347 a prime number?
True
Is 20914477 prime?
True
Is 305435783 prime?
True
Is 3671159 a composite number?
True
Is 6613019 a prime number?
False
Is 10466437 prime?
False
Is 20450719 a prime number?
True
Is 6876433 composite?
False
Is 2835619 prime?
False
Is 1523161 composite?
False
Is 1151029 prime?
False
Is 6082491 prime?
False
Is 5086007 a prime number?
True
Is 33352817 a composite number?
False
Is 645937 composite?
False
Is 4819357 prime?
True
Is 60024689 prime?
False
Is 220295237 a composite number?
False
Is 86711 a prime number?
True
Is 3028747 a composite number?
False
Is 37266973 a composite number?
False
Is 30212222 a prime number?
False
Is 100800551 composite?
True
Is 46899253 a prime number?
False
Is 382289 a composite number?
True
Is 3506663 composite?
False
Is 3140227 composite?
True
Is 3058019953 a composite number?
False
Is 125082329 a prime number?
True
Is 2213273 a prime number?
False
Is 1013080021 a composite number?
False
Is 5039057 prime?
False
Is 1642981 a composite number?
True
Is 1815173 a prime number?
False
Is 7273921 a prime number?
True
Is 6469847 a prime number?
True
Is 362373029 prime?
False
Is 6029273 composite?
False
Is 132731603 prime?
True
Is 107102071 a prime number?
False
Is 30055001 a prime number?
True
Is 14580563 prime?
False
Is 1942078591 a composite number?
False
Is 2110991 composite?
True
Is 17358671 composite?
True
Is 411321431 a prime number?
False
Is 3726491 a composite number?
False
Is 323594699 composite?
False
Is 738889 a prime number?
True
Is 58861133 a prime number?
True
Is 332153 a prime number?
False
Is 648821 a composite number?
True
Is 62458139 prime?
True
Is 725314 a prime number?
False
Is 14225741 a composite number?
False
Is 146738831 a prime number?
True
Is 371516083 a prime number?
True
Is 54048913 composite?
False
Is 1103807 a composite number?
True
Is 6178129 a prime number?
True
Is 743513 composite?
True
Is 8299255 composite?
True
Is 9742849 a composite number?
False
Is 290203007 a prime number?
True
Is 1997981 composite?
True
Is 87288697 prime?
True
Is 3650051 a prime number?
True
Is 5301977 a composite number?
True
Is 4100059 c